26 is divided by 2.
0
Calculate the remainder when 1238 is divided by 253.
226
Calculate the remainder when 3847 is divided by 84.
67
Calculate the remainder when 177 is divided by 20.
17
Calculate the remainder when 471 is divided by 121.
108
Calculate the remainder when 845 is divided by 18.
17
Calculate the remainder when 69 is divided by 10.
9
Calculate the remainder when 430 is divided by 94.
54
Calculate the remainder when 303 is divided by 23.
4
Calculate the remainder when 629 is divided by 21.
20
Calculate the remainder when 649 is divided by 124.
29
What is the remainder when 346 is divided by 117?
112
What is the remainder when 289 is divided by 58?
57
Calculate the remainder when 1401 is divided by 39.
36
Calculate the remainder when 247 is divided by 25.
22
What is the remainder when 1079 is divided by 42?
29
What is the remainder when 13573 is divided by 75?
73
Calculate the remainder when 351 is divided by 170.
11
Calculate the remainder when 6313 is divided by 5.
3
Calculate the remainder when 8 is divided by 3.
2
Calculate the remainder when 1342 is divided by 12.
10
Calculate the remainder when 145 is divided by 1.
0
What is the remainder when 3306 is divided by 3?
0
Calculate the remainder when 6475 is divided by 18.
13
What is the remainder when 261 is divided by 247?
14
What is the remainder when 617 is divided by 31?
28
Calculate the remainder when 433 is divided by 84.
13
Calculate the remainder when 28 is divided by 16.
12
What is the remainder when 252 is divided by 29?
20
Calculate the remainder when 3041 is divided by 26.
25
What is the remainder when 861 is divided by 36?
33
Calculate the remainder when 3190 is divided by 84.
82
What is the remainder when 1428 is divided by 108?
24
Calculate the remainder when 141 is divided by 5.
1
What is the remainder when 1011 is divided by 129?
108
What is the remainder when 146 is divided by 37?
35
What is the remainder when 955 is divided by 20?
15
What is the remainder when 401 is divided by 47?
25
Calculate the remainder when 258 is divided by 33.
27
Calculate the remainder when 189 is divided by 47.
1
What is the remainder when 293 is divided by 95?
8
What is the remainder when 6432 is divided by 157?
152
Calculate the remainder when 94 is divided by 34.
26
What is the remainder when 191 is divided by 14?
9
Calculate the remainder when 201 is divided by 121.
80
Calculate the remainder when 2212 is divided by 441.
7
What is the remainder when 93 is divided by 14?
9
Calculate the remainder when 349 is divided by 22.
19
What is the remainder when 64892 is divided by 128?
124
Calculate the remainder when 765 is divided by 262.
241
What is the remainder when 5920 is divided by 121?
112
What is the remainder when 6250 is divided by 106?
102
What is the remainder when 4555 is divided by 13?
5
Calculate the remainder when 12674 is divided by 409.
404
Calculate the remainder when 1894 is divided by 187.
24
What is the remainder when 112 is divided by 84?
28
Calculate the remainder when 1132 is divided by 42.
40
What is the remainder when 193 is divided by 9?
4
Calculate the remainder when 897 is divided by 11.
6
What is the remainder when 1018 is divided by 34?
32
What is the remainder when 516 is divided by 17?
6
What is the remainder when 503 is divided by 7?
6
What is the remainder when 37 is divided by 3?
1
Calculate the remainder when 457 is divided by 32.
9
Calculate the remainder when 1040 is divided by 95.
90
What is the remainder when 85 is divided by 31?
23
Calculate the remainder when 550 is divided by 251.
48
Calculate the remainder when 441 is divided by 83.
26
What is the remainder when 1796 is divided by 898?
0
What is the remainder when 4660 is divided by 74?
72
Calculate the remainder when 831 is divided by 125.
81
Calculate the remainder when 4762 is divided by 170.
2
Calculate the remainder when 1005 is divided by 126.
123
What is the remainder when 242 is divided by 93?
56
Calculate the remainder when 119 is divided by 41.
37
What is the remainder when 1056 is divided by 23?
21
Calculate the remainder when 40 is divided by 31.
9
What is the remainder when 159 is divided by 68?
23
What is the remainder when 260 is divided by 8?
4
Calculate the remainder when 5698 is divided by 184.
178
Calculate the remainder when 3 is divided by 2.
1
What is the remainder when 198 is divided by 172?
26
What is the remainder when 7515 is divided by 358?
355
What is the remainder when 308 is divided by 107?
94
What is the remainder when 92684 is divided by 111?
110
What is the remainder when 270 is divided by 35?
25
What is the remainder when 35 is divided by 16?
3
What is the remainder when 84 is divided by 22?
18
What is the remainder when 179 is divided by 23?
18
Calculate the remainder when 3535 is divided by 122.
119
Calculate the remainder when 9355 is divided by 10.
5
Calculate the remainder when 80 is divided by 67.
13
Calculate the remainder when 209 is divided by 77.
55
What is the remainder when 56 is divided by 33?
23
What is the remainder when 10167 is divided by 248?
247
What is the remainder when 396 is divided by 147?
102
Calculate the remainder when 43 is divided by 15.
13
Calculate the remainder when 221 is divided by 68.
17
What is the remainder when 457 is divided by 218?
21
Calculate the remainder when 705 is divided by 262.
181
Calculate the remainder when 115 is divided by 7.
3
What is the remainder when 20940 is divided by 22?
18
Calculate the remainder when 74 is divided by 42.
32
What is the remainder when 8115 is divided by 2705?
0
What is the remainder when 1851 is divided by 103?
100
What is the remainder when 11216 is divided by 11?
7
Calculate the remainder when 524 is divided by 7.
6
Calculate the remainder when 435 is divided by 26.
19
What is the remainder when 214 is divided by 49?
18
What is the remainder when 1299 is divided by 212?
27
What is the remainder when 4281 is divided by 21?
18
Calculate the remainder when 22929 is divided by 39.
36
What is the remainder when 100 is divided by 32?
4
What is the remainder when 262 is divided by 134?
128
What is the remainder when 1708 is divided by 29?
26
Calculate the remainder when 8663 is divided by 228.
227
What is the remainder when 1583 is divided by 393?
11
What is the remainder when 234 is divided by 63?
45
What is the remainder when 868 is divided by 11?
10
Calculate the remainder when 668 is divided by 75.
68
Calculate the remainder when 2056 is divided by 49.
47
Calculate the remainder when 26 is divided by 3.
2
What is the remainder when 238 is divided by 93?
52
What is the remainder when 832 is divided by 110?
62
Calculate the remainder when 3277 is divided by 253.
241
Calculate the remainder when 1165 is divided by 22.
21
Calculate the remainder when 150 is divided by 9.
6
Calculate the remainder when 150 is divided by 19.
17
Calculate the remainder when 1115 is divided by 18.
17
What is the remainder when 741 is divided by 52?
13
Calculate the remainder when 414 is divided by 328.
86
What is the remainder when 501 is divided by 2?
1
What is the remainder when 131 is divided by 12?
11
Calculate the remainder when 60 is divided by 20.
0
What is the remainder when 62 is divided by 47?
15
What is the remainder when 15004 is divided by 12?
4
Calculate the remainder when 1532 is divided by 381.
8
What is the remainder when 131 is divided by 17?
12
What is the remainder when 82 is divided by 17?
14
Calculate the remainder when 43 is divided by 23.
20
What is the remainder when 523 is divided by 21?
19
What is the remainder when 215 is divided by 36?
35
Calculate the remainder when 2111 is divided by 48.
47
What is the remainder when 367 is divided by 14?
3
Calculate the remainder when 1578 is divided by 35.
3
Calculate the remainder when 217 is divided by 63.
28
What is the remainder when 35 is divided by 14?
7
What is the remainder when 115 is divided by 64?
51
What is the remainder when 129 is divided by 37?
18
Calculate the remainder when 26 is divided by 6.
2
Calculate the remainder when 142 is divided by 42.
16
Calculate the remainder when 513 is divided by 47.
43
What is the remainder when 119 is divided by 24?
23
What is the remainder when 506 is divided by 34?
30
Calculate the rema